{"id":1760,"date":"2016-12-16T11:32:21","date_gmt":"2016-12-16T11:32:21","guid":{"rendered":"https:\/\/apverio.de\/?page_id=1760"},"modified":"2024-05-22T13:05:12","modified_gmt":"2024-05-22T11:05:12","slug":"landing-2-2","status":"publish","type":"page","link":"https:\/\/apverio.de\/?page_id=1760","title":{"rendered":"Imprint"},"content":{"rendered":"<div class=\"wpb-content-wrapper\"><p>[vc_row type=&#8221;vc_default&#8221; css=&#8221;.vc_custom_1481857660967{border-radius: 2px !important;}&#8221;][vc_column][vc_separator border_width=&#8221;3&#8243;][vc_column_text css=&#8221;&#8221;][vc_single_image image=&#8221;1394&#8243; img_size=&#8221;full&#8221; alignment=&#8221;center&#8221;][vc_column_text]<\/p>\n<p style=\"text-align: center;\"><strong>apverio GmbH<\/strong><br \/>\nUnternehmensberatung<br \/>\nMartin-M\u00fcller-Stra\u00dfe 12, 30900 Wedemark<br \/>\nTel. +49 5130 9 28 88 15<br \/>\nInternet: www.apverio.de<br \/>\nE-Mail: info@apverio.de<\/p>\n<p style=\"text-align: center;\">Gesch\u00e4ftsf\u00fchrer: Thorsten Anding, Sitz: Wedemark, Handelsregister: HR B 210200,<br \/>\nAmtsgericht Hannover, St.-Nr.: 16\/205\/42630, USt-IdNr.: DE277469575<\/p>\n<p>[\/vc_column_text][\/vc_column][\/vc_row][vc_row type=&#8221;vc_default&#8221; css=&#8221;.vc_custom_1481857660967{border-radius: 2px !important;}&#8221;][vc_column][vc_separator border_width=&#8221;3&#8243;][vc_column_text]<\/p>\n<p style=\"text-align: center;\"><strong><span style=\"font-size: xx-large;\">DISCLAIMER OF LIABILITY AND DATA PROTECTION<\/span><\/strong><\/p>\n<p>&nbsp;<\/p>\n<ol style=\"text-align: center;\">\n<li><strong> Content of the online offer<\/strong><\/li>\n<\/ol>\n<p style=\"text-align: center;\">apverio GmbH assumes no liability for the topicality, correctness, completeness or quality of the information provided. Liability claims against apverio GmbH, which refer to damages of material or ideal kind caused by the use or non-use of the information provided or by the use of incorrect or incomplete information, are in principle excluded, insofar as apverio GmbH is not demonstrably intentional or a grossly negligent fault is existent.<\/p>\n<p style=\"text-align: center;\">All offers are non-binding. apverio GmbH expressly reserves the right to change, amend, or delete parts of the pages or the entire offer without prior notice, or to terminate the publication temporarily or definitively.<\/p>\n<ol style=\"text-align: center;\" start=\"2\">\n<li><strong> References and links<\/strong><\/li>\n<\/ol>\n<p style=\"text-align: center;\">In the case of direct or indirect references to external websites (&#8220;links&#8221;), which are outside the responsibility of apverio GmbH, a liability obligation would enter into force exclusively in the case where apverio GmbH is aware of the contents and it would be technically possible and reasonable to prevent the use in case of unlawful contents.<\/p>\n<p style=\"text-align: center;\">apverio GmbH hereby expressly declares that at the time of linking no illegal content was recognizable on the pages to be linked. apverio GmbH has no influence whatsoever on the current and future design, the contents or the origin of the linked pages. Therefore, apverio GmbH hereby expressly distances itself from all contents of all linked pages, which have been changed after the linking. This statement applies to all links and references set within our own internet site as well as to foreign entries in guestbooks, discussion forums, blogs and mailing lists provided by apverio GmbH. Liability for illegal, incorrect or incomplete contents and in particular for damages resulting from the use or non-use of such provided information is solely the responsibility of the provider of the site to which reference has been made, not the person who merely refers to the respective publication via links.<\/p>\n<p style=\"text-align: center;\"><strong>3. Copyright and trademark law <\/strong><\/p>\n<p style=\"text-align: center;\">apverio GmbH endeavors to respect the copyrights of the graphics, sound documents, video sequences and texts, to use graphics, audio documents, video sequences and texts created by the author, or to access license-free graphics, sound documents, video sequences and texts.All brands and trademarks mentioned within the Internet offer and possibly protected by third parties are subject without restriction to the provisions of the respectively valid trademark law and the rights of ownership of the respective registered owners. The mere naming of the trademark does not lead to the conclusion that trademarks are not protected by third-party rights!The copyright for published objects created by apverio GmbH remains solely with apverio GmbH. Duplication or use of such graphics, sound documents, video sequences and texts in other electronic or printed publications is not permitted without the express consent of apverio GmbH.<\/p>\n<p style=\"text-align: center;\"><strong>4. Privacy Policy<\/strong><\/p>\n<p style=\"text-align: center;\">If there is the possibility to enter personal or business data (email addresses, names, addresses) within the Internet site, the user is given this data voluntarily. The use and payment of all offered services is permitted &#8211; as far as technically possible and reasonable &#8211; without the provision of such data or under specification of anonymised data or a pseudonym.<\/p>\n<p style=\"text-align: center;\"><strong>5. Legal effect of these disclaimer <\/strong><\/p>\n<p style=\"text-align: center;\">If sections or individual terms of this statement are not legal or correct, the content or validity of the other parts remain uninfluenced by this fact.<\/p>\n<p>[\/vc_column_text][vc_separator border_width=&#8221;3&#8243; el_width=&#8221;100&#8243;][vc_column_text]<\/p>\n<p style=\"text-align: center;\"><strong><span style=\"font-size: xx-large;\">Picture credits<\/span><\/strong><\/p>\n<p>[\/vc_column_text][vc_column_text]<\/p>\n<p style=\"text-align: center;\"><strong>Images:<\/strong><\/p>\n<p style=\"text-align: center;\"><a href=\"http:\/\/rosetime.info\/photographynew\/\">ROSEPHOTOGRAPHY<\/a> (Profile)<\/p>\n<p style=\"text-align: center;\"><a href=\"http:\/\/summervogel.de\/48.0.html\">summervogel: Ulf-Kersten Neelsen<\/a> (Header)<\/p>\n<p style=\"text-align: center;\"><strong>Shutterstock.com Licenses:<\/strong><\/p>\n<p style=\"text-align: center;\"><a href=\"https:\/\/www.shutterstock.com\/pic-337679003.html\">337679003 &#8211; Bloomicon<\/a><\/p>\n<p style=\"text-align: center;\"><a href=\"https:\/\/www.shutterstock.com\/pic-338430161.html\">338430161 &#8211; Bloomicon<\/a><\/p>\n<p style=\"text-align: center;\"><a href=\"https:\/\/www.shutterstock.com\/pic-377424145.html\">377424145 &#8211; Bloomicon<\/a><\/p>\n<p style=\"text-align: center;\"><strong>Text:<\/strong><\/p>\n<p style=\"text-align: center;\"><a href=\"http:\/\/kerstinmaenner.de\/\">Kerstin M\u00e4nner<\/a><\/p>\n<p style=\"text-align: center;\"><a href=\"http:\/\/www.text-tree.com\/text-tree.php?sprache=de&amp;nr=04\">Estelle Raschka<\/a> (text tree)<\/p>\n<p style=\"text-align: center;\"><strong>Webdesign:<\/strong><\/p>\n<p style=\"text-align: center;\">Martin Stroschein<\/p>\n<p>[\/vc_column_text][vc_separator border_width=&#8221;3&#8243; el_width=&#8221;100&#8243;][vc_column_text]<\/p>\n<p style=\"text-align: center;\"><strong><span style=\"font-size: xx-large;\">Website analytics &amp; tracking<\/span><\/strong><\/p>\n<p>[\/vc_column_text][vc_column_text css=&#8221;&#8221;]<p id=\"matomo_opted_out_intro\" style=\"display:none;\">Opt-out complete; your visits to this website will not be recorded by the Web Analytics tool. Note that if you clear your cookies, delete the opt-out cookie, or if you change computers or Web browsers, you will need to perform the opt-out procedure again.<\/p><p id=\"matomo_opted_in_intro\" >You may choose to prevent this website from aggregating and analyzing the actions you take here. Doing so will protect your privacy, but will also prevent the owner from learning from your actions and creating a better experience for you and other users.<\/p><form>\n        <input type=\"checkbox\" id=\"matomo_optout_checkbox\" checked=\"checked\"\/>\n        <label for=\"matomo_optout_checkbox\"><strong>\n        <span id=\"matomo_opted_in_label\" >You are not opted out. Uncheck this box to opt-out.<\/span>\n\t\t<span id=\"matomo_opted_out_label\" style=\"display:none;\">You are currently opted out. Check this box to opt-in.<\/span>\n        <\/strong><\/label><\/form><noscript><p><strong style=\"color: #ff0000;\">This opt out feature requires JavaScript.<\/strong><\/p><\/noscript><p id=\"matomo_outout_err_cookies\" style=\"display: none;\"><strong>The tracking opt-out feature requires cookies to be enabled.<\/strong><\/p><br \/>\n[vc_separator border_width=&#8221;3&#8243; el_width=&#8221;100&#8243;][\/vc_column_text][vc_column_text]<br \/>\n[\/vc_column_text][\/vc_column][\/vc_row]<\/p>\n<\/div>","protected":false},"excerpt":{"rendered":"<p>[vc_row type=&#8221;vc_default&#8221; css=&#8221;.vc_custom_1481857660967{border-radius: 2px !important;}&#8221;][vc_column][vc_separator border_width=&#8221;3&#8243;][vc_column_text css=&#8221;&#8221;][vc_single_image image=&#8221;1394&#8243; img_size=&#8221;full&#8221; alignment=&#8221;center&#8221;][vc_column_text] apverio GmbH Unternehmensberatung Martin-M\u00fcller-Stra\u00dfe 12, 30900 Wedemark Tel. +49 5130 9 28 88 15 Internet: www.apverio.de E-Mail: info@apverio.de Gesch\u00e4ftsf\u00fchrer: Thorsten Anding, Sitz: Wedemark, Handelsregister: HR B 210200, Amtsgericht Hannover, St.-Nr.: 16\/205\/42630, USt-IdNr.: DE277469575 [\/vc_column_text][\/vc_column][\/vc_row][vc_row type=&#8221;vc_default&#8221; css=&#8221;.vc_custom_1481857660967{border-radius: 2px !important;}&#8221;][vc_column][vc_separator border_width=&#8221;3&#8243;][vc_column_text] DISCLAIMER OF LIABILITY AND DATA PROTECTION&hellip;<\/p>\n","protected":false},"author":5,"featured_media":0,"parent":0,"menu_order":0,"comment_status":"closed","ping_status":"closed","template":"template-microsite.php","meta":{"footnotes":""},"class_list":["post-1760","page","type-page","status-publish","hentry","description-off"],"_links":{"self":[{"href":"https:\/\/apverio.de\/index.php?rest_route=\/wp\/v2\/pages\/1760","targetHints":{"allow":["GET"]}}],"collection":[{"href":"https:\/\/apverio.de\/index.php?rest_route=\/wp\/v2\/pages"}],"about":[{"href":"https:\/\/apverio.de\/index.php?rest_route=\/wp\/v2\/types\/page"}],"author":[{"embeddable":true,"href":"https:\/\/apverio.de\/index.php?rest_route=\/wp\/v2\/users\/5"}],"replies":[{"embeddable":true,"href":"https:\/\/apverio.de\/index.php?rest_route=%2Fwp%2Fv2%2Fcomments&post=1760"}],"version-history":[{"count":5,"href":"https:\/\/apverio.de\/index.php?rest_route=\/wp\/v2\/pages\/1760\/revisions"}],"predecessor-version":[{"id":2136,"href":"https:\/\/apverio.de\/index.php?rest_route=\/wp\/v2\/pages\/1760\/revisions\/2136"}],"wp:attachment":[{"href":"https:\/\/apverio.de\/index.php?rest_route=%2Fwp%2Fv2%2Fmedia&parent=1760"}],"curies":[{"name":"wp","href":"https:\/\/api.w.org\/{rel}","templated":true}]}}